6155671618 composite?
True
Is 640338871 composite?
True
Is 439193281 a composite number?
False
Is 619927843 composite?
True
Is 2672479933 composite?
False
Is 5053279559 composite?
False
Is 620448749 a prime number?
True
Is 74081923 a composite number?
False
Is 1010003587 a prime number?
True
Is 22873532549 prime?
False
Is 6308685199 prime?
True
Is 94485659267 a composite number?
False
Is 128957547 a prime number?
False
Is 4969780433 composite?
False
Is 25456006421 a composite number?
False
Is 2375190401 a composite number?
True
Is 1160084631 a prime number?
False
Is 4523547863 a prime number?
True
Is 1548001661 prime?
True
Is 1474875147 composite?
True
Is 98896439 composite?
False
Is 224994731903 composite?
True
Is 1345698401 a composite number?
False
Is 16334692991 composite?
False
Is 24300215539 a prime number?
False
Is 1672194581 a prime number?
True
Is 10592983 prime?
True
Is 1722702743 composite?
False
Is 41430096941 a composite number?
False
Is 880638391 prime?
False
Is 20751268639 a prime number?
False
Is 674889377 a prime number?
False
Is 1312892597 composite?
True
Is 30461338421 a composite number?
False
Is 1002181337 composite?
False
Is 42835257317 a prime number?
False
Is 43886180047 a composite number?
False
Is 45487717307 a prime number?
True
Is 6169890521 a composite number?
True
Is 5989225061 composite?
False
Is 1985121739 a composite number?
True
Is 5543476781 a prime number?
True
Is 156402419 a composite number?
False
Is 520965101 composite?
False
Is 859372207 composite?
True
Is 954958291 a composite number?
True
Is 27769681 a composite number?
True
Is 628644239 a prime number?
True
Is 275468849 a prime number?
True
Is 1326117813 a composite number?
True
Is 14343668707 a prime number?
False
Is 33185574923 a prime number?
True
Is 6716409881 a composite number?
True
Is 1817329721 a composite number?
True
Is 811627183 composite?
True
Is 1398639259 composite?
False
Is 3310662039 a prime number?
False
Is 4757617999 a prime number?
False
Is 1386321883 composite?
True
Is 1004292155 a composite number?
True
Is 132915683 prime?
False
Is 2681436403 a prime number?
True
Is 16749445901 a prime number?
True
Is 1953002185 composite?
True
Is 574423117 a composite number?
False
Is 197243767547 composite?
False
Is 571476487 composite?
True
Is 775989073 a composite number?
False
Is 609125317 composite?
True
Is 9729017 a prime number?
True
Is 1274610367 a prime number?
True
Is 18248231011 a prime number?
True
Is 15345762101 prime?
False
Is 70349959 prime?
True
Is 106921277 prime?
False
Is 7737585703 a composite number?
False
Is 59471807 a composite number?
False
Is 6564606133 a prime number?
False
Is 178664047 composite?
False
Is 76267237157 a prime number?
True
Is 137503006 a composite number?
True
Is 3096623731 a composite number?
True
Is 117192599 composite?
True
Is 12126650201 a composite number?
True
Is 2389813207 a prime number?
False
Is 11295220099 composite?
True
Is 12023144183 a composite number?
False
Is 687157981 composite?
False
Is 18727302821 prime?
True
Is 393767119 a composite number?
False
Is 29725053958 a prime number?
False
Is 1906464515 prime?
False
Is 29635113227 prime?
True
Is 27689372527 prime?
False
Is 1401635451 composite?
True
Is 50596864177 composite?
False
Is 2155410289 a prime number?
False
Is 2285792413 composite?
False
Is 110674547 a prime number?
False
Is 737536819 composite?
False
Is 35214024247 a composite number?
True
Is 389969651 a composite number?
False
Is 4968767231 composite?
False
Is 359814209 a prime number?
True
Is 64645211531 a prime number?
False
Is 11787608731 a prime number?
True
Is 11547005669 composite?
True
Is 188758291 prime?
True
Is 40749613 a prime number?
False
Is 2691933529 prime?
False
Is 3643943111 prime?
False
Is 30313862737 a prime number?
False
Is 924125453 a prime number?
True
Is 1059223141 prime?
True
Is 309053561 prime?
True
Is 3970781461 prime?
True
Is 612401498 prime?
False
Is 11459052797 a composite number?
False
Is 1023381197 a prime number?
False
Is 67760773231 a composite number?
False
Is 2068271521 composite?
True
Is 568842359 prime?
False
Is 262880819 a composite number?
True
Is 7894637 a prime number?
False
Is 975913822697 a prime number?
False
Is 838266953 composite?
True
Is 33696251557 composite?
False
Is 1334745779 prime?
False
Is 2204081941 a composite number?
True
Is 622142471 composite?
False
Is 1029053161 a prime number?
False
Is 1120906439 composite?
True
Is 14316852671 composite?
True
Is 114654658 a composite number?
True
Is 240858347 composite?
False
Is 11751527387 composite?
True
Is 65525081 a composite number?
False
Is 65485201 composite?
True
Is 37065848293 composite?
True
Is 1302366781 prime?
False
Is 11286321623 a composite number?
False
Is 52459684483 composite?
True
Is 11068857353 a prime number?
False
Is 2847642293 a prime number?
False
Is 2237409089 a prime number?
True
Is 2171460101 a composite number?
False
Is 12521893907 prime?
True
Is 179578668977 a prime number?
True
Is 19613427817 a prime number?
True
Is 29299612787 a composite number?
True
Is 2353784371 prime?
True
Is 6748673689 composite?
False
Is 78748068871 a prime number?
True
Is 16076890381 prime?
False
Is 5922967421 composite?
True
Is 39325040719 a prime number?
False
Is 23254180139 prime?
True
Is 214134901 prime?
False
Is 750835399 a composite number?
False
Is 6944841451 a composite number?
False
Is 12864312863 composite?
False
Is 456442309 a prime number?
True
Is 493386449 prime?
True
Is 25056948811 prime?
False
Is 335140003 composite?
True
Is 3593420287 a prime number?
True
Is 48873550457 a prime number?
True
Is 72693869277 composite?
True
Is 4200846499 prime?
True
Is 1696193623 a prime number?
True
Is 2233636051 composite?
False
Is 217267417891 a prime number?
True
Is 13200262541 a prime number?
True
Is 942985451 a composite number?
False
Is 2233990747 prime?
False
Is 10128822391 a composite number?
False
Is 9433193353 a prime number?
True
Is 192965167 composite?
False
Is 1264375327 a prime number?
True
Is 2810889569 composite?
False
Is 764183261 a composite number?
False
Is 8398292158 a prime number?
False
Is 61952421409 a composite number?
False
Is 2054039987 a composite number?
False
Is 26419450898 a prime number?
False
Is 3424857133 composite?
True
Is 403001098 composite?
True
Is 2275176463 a composite number?
True
Is 7666998601 composite?
True
Is 28291106671 a prime number?
True
Is 4296520427 composite?
True
Is 1662297207 composite?
True
Is 120455626933 composite?
True
Is 57641696501 a composite number?
False
Is 1807519817 prime?
True
Is 12007861903 composite?
False
Is 206583659531 a composite number?
True
Is 80195459 a composite number?
False
Is 72267119779 composite?
False
Is 37018169 prime?
True
Is 59532953191 a composite number?
True
Is 1133934013 prime?
False
Is 7578157667 a composite number?
True
Is 6134515249 a prime number?
False
Is 2712698467 a composite number?
False
Is 16219315319 a prime number?
True
Is 41166308957 composite?
False
Is 45223549513 composite?
False
Is 55891641203 composite?
True
Is 927876529 a prime number?
True
Is 300906241 a composite number?
True
Is 3402187153 composite?
False
Is 141009453899 composite?
False
Is 215819201 prime?
False
Is 186692320447 composite?
True
Is 3745269651 a prime number?
False
Is 64746486997 composite?
True
Is 102128291 composite?
True
Is 18546933113 a prime number?
True
Is 1383167777 prime?
False
Is 82294469 a composite number?
False
Is 169181783 a composite number?
False
Is 9160535383 a prime number?
True
Is 10593655943 composite?
True
Is 2876085365 a composite number?
True
Is 237257843 composite?
False
Is 1800242677 composite?
False
Is 4274767389 a prime number?
False
Is 1456391597 a prime number?
True
Is 46257697439 a composite number?
True
Is 106650581 a composite number?
False
Is 16750411 a composite number?
True
Is 5567244451 a composite number?
True
Is 449464177 a prime number?
False
Is 5099201279 a composite number?
False
Is 5957380369 a composite number?
False
Is 483988619 composite?
False
Is 815433361 a composite number?
False
Is 8811671783 a prime number?
True
Is 5144013713 a prime number?
True
Is 834582869 a prime number?
True
Is 339154451 a composite number?
True
Is 34114167667 prime?
True
Is 296680619 a prime nu